e 5) to base 4.
1
-3 (base 5) to base 14
-3
What is 111 (base 2) in base 4?
13
What is -1 (base 12) in base 13?
-1
Convert -6 (base 14) to base 2.
-110
4c (base 13) to base 16
40
111 (base 4) to base 14
17
Convert 9 (base 12) to base 13.
9
What is 5 (base 15) in base 7?
5
What is -10000011 (base 2) in base 11?
-10a
-12 (base 4) to base 9
-6
What is 97 (base 11) in base 2?
1101010
Convert -11 (base 12) to base 8.
-15
-91 (base 13) to base 7
-226
Convert 1 (base 12) to base 4.
1
What is -3 (base 12) in base 5?
-3
-30 (base 6) to base 5
-33
4 (base 7) to base 15
4
What is -6 (base 14) in base 9?
-6
201 (base 3) to base 7
25
Convert 221 (base 4) to base 7.
56
21 (base 9) to base 12
17
Convert 5 (base 8) to base 4.
11
-20 (base 4) to base 8
-10
3a (base 16) to base 3
2011
What is 1 (base 2) in base 5?
1
4c (base 14) to base 12
58
What is -1 (base 10) in base 12?
-1
Convert 2 (base 8) to base 7.
2
0 (base 6) to base 12
0
0 (base 2) to base 6
0
Convert -35 (base 10) to base 11.
-32
What is -31 (base 14) in base 6?
-111
-2 (base 9) to base 5
-2
-103 (base 4) to base 6
-31
-65 (base 14) to base 9
-108
-4 (base 13) to base 14
-4
What is 5 (base 8) in base 9?
5
Convert 1011 (base 2) to base 6.
15
Convert 414 (base 9) to base 15.
177
66 (base 12) to base 4
1032
-b (base 12) to base 10
-11
Convert -5 (base 7) to base 5.
-10
68 (base 16) to base 8
150
Convert 13 (base 7) to base 11.
a
1d (base 14) to base 5
102
Convert 10 (base 2) to base 4.
2
1 (base 12) to base 13
1
-30 (base 10) to base 16
-1e
Convert 56 (base 7) to base 2.
101001
Convert 2c (base 16) to base 2.
101100
26 (base 10) to base 5
101
Convert 3 (base 8) to base 2.
11
What is -49 (base 10) in base 3?
-1211
Convert -1 (base 6) to base 5.
-1
Convert 36 (base 16) to base 7.
105
-9 (base 16) to base 15
-9
-1a (base 15) to base 8
-31
What is 21 (base 5) in base 11?
10
30 (base 9) to base 10
27
What is 34 (base 9) in base 5?
111
-3 (base 5) to base 7
-3
20 (base 4) to base 10
8
What is 8 (base 12) in base 9?
8
What is -41 (base 12) in base 6?
-121
What is 26 (base 8) in base 13?
19
53 (base 12) to base 6
143
-43 (base 6) to base 5
-102
14 (base 13) to base 5
32
What is -14 (base 13) in base 16?
-11
Convert -81 (base 13) to base 11.
-96
What is -15 (base 7) in base 4?
-30
Convert 1040 (base 5) to base 10.
145
What is 14 (base 13) in base 9?
18
-62 (base 9) to base 15
-3b
Convert -70 (base 11) to base 4.
-1031
Convert 4 (base 10) to base 15.
4
Convert -1132 (base 4) to base 11.
-86
What is -2 (base 14) in base 12?
-2
-13 (base 6) to base 4
-21
Convert 123 (base 5) to base 4.
212
Convert 8 (base 10) to base 11.
8
-162 (base 10) to base 14
-b8
Convert -3 (base 10) to base 3.
-10
What is 1 (base 8) in base 6?
1
Convert -2311 (base 5) to base 4.
-11023
-1 (base 8) to base 7
-1
What is 32 (base 4) in base 7?
20
Convert 96 (base 10) to base 6.
240
Convert 1 (base 6) to base 16.
1
What is 0 (base 9) in base 3?
0
What is 102 (base 5) in base 3?
1000
7 (base 16) to base 3
21
-3 (base 12) to base 3
-10
Convert 1 (base 12) to base 15.
1
23 (base 8) to base 7
25
-20202 (base 3) to base 10
-182
What is 3 (base 6) in base 9?
3
Convert 121 (base 9) to base 2.
1100100
What is -111 (base 9) in base 11?
-83
Convert -c (base 15) to base 11.
-11
Convert ab (base 13) to base 6.
353
What is 1 (base 3) in base 8?
1
What is 20 (base 11) in base 10?
22
Convert 111010 (base 2) to base 8.
72
6b (base 14) to base 13
74
e1 (base 15) to base 9
254
Convert 6 (base 9) to base 8.
6
What is 3 (base 4) in base 7?
3
What is 0 (base 11) in base 5?
0
Convert -100 (base 5) to base 14.
-1b
What is 300 (base 4) in base 6?
120
What is 2 (base 12) in base 13?
2
What is 1 (base 3) in base 7?
1
What is -2 (base 7) in base 12?
-2
What is -98 (base 13) in base 10?
-125
What is -35 (base 6) in base 16?
-17
-12 (base 10) to base 16
-c
What is -108 (base 9) in base 4?
-1121
-3 (base 16) to base 5
-3
Convert -11 (base 5) to base 12.
-6
What is 12 (base 6) in base 13?
8
What is -100 (base 2) in base 14?
-4
Convert 2a (base 13) to base 5.
121
18 (base 12) to base 5
40
Convert -2 (base 7) to base 15.
-2
What is 201 (base 4) in base 12?
29
Convert -6 (base 11) to base 16.
-6
Convert -1 (base 10) to base 7.
-1
What is -11 (base 4) in base 6?
-5
-84 (base 10) to base 12
-70
Convert -9f (base 16) to base 13.
-c3
What is 21 (base 6) in base 12?
11
Convert -4 (base 8) to base 13.
-4
-2 (base 8) to base 2
-10
Convert -25 (base 6) to base 5.
-32
Convert 34 (base 8) to base 4.
130
What is 4 (base 12) in base 5?
4
What is -331 (base 11) in base 6?
-1501
-5 (base 8) to base 10
-5
-50 (base 14) to base 11
-64
What is 3 (base 15) in base 2?
11
What is -4 (base 11) in base 10?
-4
0 (base 16) to base 5
0
Convert -29 (base 10) to base 2.
-11101
What is -13 (base 9) in base 6?
-20
Convert 2 (base 3) to base 7.
2
23 (base 6) to base 11
14
Convert -331 (base 5) to base 14.
-67
-61 (base 10) to base 5
-221
Convert -a (base 16) to base 12.
-a
-1001 (base 2) to base 3
-100
What is -7 (base 15) in base 8?
-7
-22 (base 5) to base 13
-c
What is -4 (base 8) in base 10?
-4
14 (base 12) to base 16
10
Convert -10 (base 3) to base 13.
-3
What is 3 (base 5) in base 11?
3
Convert -110 (base 5) to base 12.
-26
22211 (base 3) to base 15
10d
What is 200 (base 3) in base 16?
12
What is b (base 14) in base 8?
13
Convert 1 (base 5) to base 8.
1
Convert -231 (base 6) to base 3.
-10101
What is -1 (base 13) in base 2?
-1
-30 (base 9) to base 14
-1d
What is -6 (base 16) in base 8?
-6
Convert 3 (base 5) to base 8.
3
Convert -101 (base 4) to base 9.
-18
What is 100 (base 2) in base 14?
4
What is 32 (base 8) in base 2?
11010
What is -52 (base 8) in base 7?
-60
34 (base 13) to base 9
47
-233 (base 5) to base 8
-104
-105 (base 16) to base 2
-100000101
Convert a (base 15) to base 6.
14
What is -24 (base 13) in base 11?
-28
Convert 16 (base 11) to base 5.
32
Convert -101111 (base 2) to base 9.
-52
-11010 (base 2) to base 16
-1a
Convert -5 (base 12) to base 3.
-12
Convert 1010 (base 5) to base 14.
94
2 (base 8) to base 9
2
What is -33 (base 10) in base 14?
-25
-1 (base 14) to base 6
-1
What is 0 (base 10) in base 2?
0
-4 (base 12) to base 14
-4
-244 (base 5) to base 13
-59
What is -5 (base 6) in base 16?
-5
0 (base 11) to base 13
0
4 (base 13) to base 12
4
172 (base 8) to base 10
122
Convert 1a4 (base 12) to base 11.
224
1e (base 15) to base 2
11101
-10001 (base 2) to base 16
-11
What is -2 (base 10) in base 8?
-2
2 (base 10) to base 8
2
Convert 324 (base 6) to base 14.
8c
Convert -12 (base 3) to base 7.
-5
What is 167 (base 11) in base 5?
1234
Convert -14 (base 5) to base 12.
-9
Convert -a (base 15) to base 11.
-a
What is -2 (base 3) in base 16?
-2
-1 (base 15) to base 13
-1
What is -33 (base 10) in base 11?
-30
What is -134 (base 5) in base 2?
-101100
4 (base 6) to base 3
11
Convert -15 (base 10) to base 14.
-11
Convert -1233 (base 6) to base 15.
-159
Convert -6 (base 10) to base 9.
-6
-31 (base 13) to base 12
-34
12 (base 16) to base 4
102
-212 (base 4) to base 5
-123
Convert 1032 (base 4) to base 13.
60
Convert -13 (base 5) to base 2.
-1000
What is -4b (base 13) in base 15?
-43
-2 (base 6) to base 14
-2
1111 (base 5) to base 6
420
1101 (base 2) to base 3
111
Convert -3 (base 6) to base 12.
-3
1 (base 7) to base 15
1
Convert -110 (base 2) to base 3.
-20
Convert 114 (base 10) to base 16.
72
52 (base 9) to base 15
32
0 (base 14) to base 5
0
-2c (base 15) to base 2
-101010
Convert -2 (base 6) to base 10.
-2
What is -84 (base 13) in base 14?
-7a
2 (base 4) to base 15
2
What is -1 (base 11) in base 6?
-1
What is 4 (base 12) in base 15?
4
-32 (base 6) to base 13
-17
Convert 1202 (base 4) to base 5.
343
What is -23 (base 7) in base 6?
-25
-33 (base 4) to base 6
-23
Convert b (base 15) to base 2.
1011
Convert 33 (base 14) to base 6.
113
-11 (base 4) to base 10
-5
What is 1 (base 10) in base 4?
1
Convert 6 (base 16) to base 10.
6
Convert -3 (base 12) to base 15.
-3
What is -c (base 16) in base 4?
-30
Convert -203 (base 8) to base 5.
-1011
What is -111 (base 8) in base 5?
-243
-8 (base 16) to base 11
-8
What is -11 (base 3) in base 6?
-4
What is 7 (base 15) in base 7?
10
-6 (base 10) to base 12
-6
37 (base 8) to base 4
133
Convert -d (base 15) to base 5.
-23
What is -211 (base 3) in base 10?
-22
What is -8